53. Give l(k).
-6
Let q(y) = 5*y**2 - 5 - 6*y**2 + 2*y + 3*y. Let d(s) = -s**2 + 6*s - 6. Let f(o) = 5*d(o) - 6*q(o). Let i = 5 - 5. Determine f(i).
0
Let s(c) = 3*c**2 + 2*c - 1. Let k = 6 + -4. Suppose r - 9 = 3*l, 0 = k*r + l - 4. Suppose r*n - 9 = -6. What is s(n)?
4
Let l(j) = 4*j + 1. Let v(i) = -i**3 - 7*i**2 - 8*i - 9. Let s be v(-6). Let c be (-1)/(2/7)*16/(-14). Suppose 4*n = 3*z, -c*n + s*n - 15 = 3*z. What is l(n)?
-11
Suppose -11*y = -8*y - 18. Suppose -y*x - 70 = -16. Let l(p) = p**3 + 10*p**2 + 9*p - 2. Determine l(x).
-2
Let q(l) = 10*l**2 + 2*l - 13. Let x(o) = 5*o**2 + o - 6. Let h = 61 - 52. Let m(c) = h*x(c) - 4*q(c). Determine m(-2).
16
Suppose -2*p + 45 = -5*v, 5*p - 2*v = 3*v + 75. Let x be (182/(-35) - -7) + 2/p. Let a(d) = d**3 - 4*d**2 + d - 2. Calculate a(x).
-8
Let d(u) be the second derivative of -u**7/2520 + u**6/144 - u**5/40 - 5*u**4/12 - 10*u. Let g(r) be the third derivative of d(r). Calculate g(5).
-3
Let z = -18 - -27. Let x(r) = -z - 2*r + 0 + 4 + 4*r. Give x(-4).
-13
Let s(v) = 5*v**3 + 3*v**2 - v + 2. Let p(a) = 28*a**3 + 17*a**2 - 5*a + 11. Let k(t) = 2*p(t) - 11*s(t). Calculate k(2).
14
Let k(t) be the first derivative of 1/2*t**2 + 6 - 5/4*t**4 + 0*t - 1/3*t**3. Let r(o) = -o**3 + 6*o**2 + 7*o + 1. Let b be r(7). What is k(b)?
-5
Let v(f) = -5*f**2 - 7*f + 3. Let p(y) be the third derivative of -y**5/10 - y**4/3 + 2*y**3/3 - 4*y**2. Let c(i) = 6*p(i) - 7*v(i). What is c(0)?
3
Let q(b) = 3*b**2 - 14*b + 27. Let r(i) = -7*i**2 + 30*i - 54. Let j(c) = -5*q(c) - 2*r(c). Determine j(5).
-2
Let x(t) = -5*t**2 - 2*t + 1. Suppose -128 = -10*a + 2. Suppose -19*j + a*j + 6 = 0. Determine x(j).
-6
Let l(n) = -8*n**3 + 5*n**2 - 2*n - 8. Let s(f) = -9*f - 7*f**3 - 2*f**3 + 6*f**2 - 4 - 5 + 7*f. Let m(t) = -6*l(t) + 5*s(t). Give m(-2).
-25
Let r(x) = 64*x - 5 - 28*x - 29*x. Let u(a) = 15*a - 11. Let h(b) = 7*r(b) - 3*u(b). Determine h(2).
6
Let t(c) = -c**2 + 3*c - 2. Suppose d = -4 + 6. Let o be t(d). Let y(r) = o*r + 2*r**3 - r**3 + r - 2*r**3 + 1. What is y(-1)?
1
Let k(t) be the third derivative of t**6/8 + t**5/30 + t**4/6 + t**3/2 + 4*t**2 - 10. Calculate k(-1).
-14
Let y = 3 - -24. Let b be 2/(-9) - (-141)/y. Let l(i) = i**2 - 3*i + 3*i + 3 - 5*i - 2. Give l(b).
1
Let j(r) be the third derivative of r**4/8 + r**3/6 - r**2. Let g(m) = 6*m + 76. Let h be g(-11). Suppose 0 = 2*b + h*b + 72. Determine j(b).
-17
Let n(m) = 17*m + 1. Let z = -151 + 152. Determine n(z).
18
Suppose 260*q = 284*q + 360. Let l(o) = -o - 6. Give l(q).
9
Let s(x) = -8*x + 4 + 9 + 5 - 8*x**2 + x**3 - 23. Give s(9).
4
Suppose 0 = 5*k - 0*k. Suppose m - 2 - 6 = k. Let r be m/(-6)*(-18)/(-12). Let l(n) = -n**3 - 4*n**2 - n + 2. Calculate l(r).
-4
Let r(y) be the first derivative of -1/3*y**3 + 2*y + 7/2*y**2 - 14. Determine r(6).
8
Let d(g) = -2 - g + 5 - 4. Let n(c) = -c**3 + 5*c**2 - 6*c + 2. Let x be n(4). Determine d(x).
5
Suppose -17 = 5*i + 3*x + 24, 4*x + 8 = -2*i. Let g(u) = u + 13. What is g(i)?
3
Let l(y) = -y - 5. Suppose -2*j + a = -17, -2*a - 15 = -j - 2. Suppose 4*u - 4*r = -16, j*u - 3*u - r + 16 = 0. What is l(u)?
-1
Let s = 18 + -13. Let b(l) = -l**3 + 2*l + 0 - s*l**2 + 4*l - 5. Let c = 49 + -55. Determine b(c).
-5
Let k = -8 + 6. Let h(n) = n - 7. Let j(q) = 3*q - 43. Let u(w) = -6*h(w) + j(w). Give u(k).
5
Let o(c) = 8*c + 11*c + 36 - 16*c - 37. Give o(-4).
-13
Let o(x) = 4*x + 1. Suppose 0 = -5*t + 3*n + 37, -4*t + 10 = n - 6. Suppose -9*f + 14*f = -t. Give o(f).
-3
Let a(r) be the first derivative of -r**4/4 - 2*r**3 + 7*r**2/2 - 7*r - 325. Give a(-7).
-7
Let z(d) be the second derivative of 0 + 36*d + 4/3*d**3 - 3/2*d**2. Determine z(2).
13
Let z(m) be the third derivative of -m**4/24 + 2*m**3/3 - 10*m**2. Suppose -5*o + 0*v + 4*v = -20, v = -5*o - 5. Determine z(o).
4
Let y(f) be the second derivative of f**4/12 + 2*f**3/3 - 20*f. Let m(a) = a**2. Let t(g) = 2*m(g) - y(g). Calculate t(5).
5
Let k(l) = 2*l + 19. Let d(b) = 43*b + 71. Let y be d(-2). Determine k(y).
-11
Let q = -1043 - -1033. Let g(k) = -k - 12. What is g(q)?
-2
Let q(c) = -5*c + 5. Let j(u) = 14*u - 15. Let s(g) = g**2 + 15*g + 31. Let n be s(-14). Let i(w) = n*q(w) + 6*j(w). What is i(-8)?
3
Let b(h) = -2*h**2 - 8*h + 4. Let l be b(-5). Let k(t) = -t + 2*t + 8 + t. Let m be k(l). Let x(y) = y**3 + 3*y**2 - 3*y - 2. What is x(m)?
-6
Let x(f) = f**3 - f**2 + f - 1. Let m be ((-78)/(-24))/(2/(-8)). Let d = m + 15. Determine x(d).
5
Let i(k) = -2*k + 16. Let m(j) = -j. Let q(r) = i(r) - 3*m(r). Let h(p) = p + 17. Let t(o) = -4*h(o) + 3*q(o). Give t(0).
-20
Let b(v) = -2. Let x(y) = -y + 8. Let k(r) = 5*b(r) + x(r). Calculate k(8).
-10
Let l(o) = 10*o - 1 + 31*o - 13*o - 10*o. Calculate l(2).
35
Let p(i) be the first derivative of i**4/24 - i**3/2 + 3*i**2 - 18. Let f(w) be the second derivative of p(w). Give f(9).
6
Let o(t) = 2*t**2 + 27*t + 17. Let m be ((-73)/146)/((-54)/(-52) - 1). Calculate o(m).
4
Let j(r) = 2*r**3 - r**2 + 5*r + 4. Let b(s) be the first derivative of -s**4/4 - s**3/3 + s + 34. Let f(q) = 3*b(q) + j(q). Determine f(-5).
7
Let n = -1201 - -1205. Let u(d) = -d**3 + 3*d**2 + 8*d - 7. What is u(n)?
9
Let s(r) = 2 - 2 + 2*r**2 + 2414*r - r**2 - 7 - 2424*r. What is s(10)?
-7
Let o = 47 - 44. Let r(y) = -3*y**2 - 2*y. Determine r(o).
-33
Let d(c) = 2*c + 4 + c - 4*c. Suppose 0 = 59*o - 54*o - 30. Suppose -5*h + 3*h = -3*k + o, 12 = -4*h. What is d(k)?
4
Let p(v) = -3*v - 7. Suppose -28 = 6*c - 2*c - 2*r, 4*r - 14 = c. Calculate p(c).
11
Let f(h) = -2*h + 8. Let j(o) = o - 1. Let z(w) = 6*w - 12. Let q(x) = 3*j(x) - z(x). Let u(d) = 4*f(d) - 3*q(d). Calculate u(-7).
-2
Let a(b) be the third derivative of b**5/60 + b**4/24 + 5*b**3/2 + b**2 + 45*b. Calculate a(0).
15
Suppose 7*y - 11*y = 0. Suppose y = 2*z - 8 - 8. Let a(n) = -4 + 2*n - z*n - 2*n + 10*n. What is a(4)?
4
Let o(a) = -2 + 2 + a + 4 - 2*a. Let i(w) = -w + 4. Let s(y) = y**2 + 10*y - 9. Let k be s(-11). Let q be i(k). Determine o(q).
2
Let b(w) = 4*w**2 - 6*w + 15*w - 18 - 5*w**2 - 8*w. Calculate b(0).
-18
Suppose 5*i + 21 = -4*d + 66, -3*i + 54 = -3*d. Suppose 0*g + 39 = 5*k - 2*g, -5*k + 42 = -g. Let m = i - k. Let q(t) = -6*t + 5. Determine q(m).
-19
Let i(u) = u**3 + 6*u**2 - 9*u - 7. Suppose 0 = 3*j + 3*k - 18, -4*k = -j + 4*j - 20. Let h be 14/(-4)*j*3/6. Give i(h).
7
Let y(a) = -5*a**2 - 3*a - 2. Suppose -15 = 12*p + 21. Let j be 2/((-4)/(-4) + p). Calculate y(j).
-4
Let x(j) = 7*j + 5. Let c(u) = 16*u + 12. Let o(n) = 4*c(n) - 9*x(n). Let z = -9 + 0. Calculate o(z).
-6
Let u(l) = -l**2 - 4*l - 3. Let i = 21 - 9. Suppose -4*d + i = -4. Suppose c + 7 = -2*o - d, -o = -5*c - 22. Give u(o).
0
Let h(c) = -c**2 + 6*c + 4. Let r = 51 + -44. Calculate h(r).
-3
Let c(d) be the second derivative of -d**5/20 + 5*d**4/12 + d**3 + 4*d**2 + 626*d. Calculate c(6).
8
Let c(f) = -2*f**3 + 7 - 6*f - 2 + 3*f**3 + 4*f**2 + 1 + f**2. Suppose 5*x - 7 - 18 = 0, -x = -5*w + 20. Suppose j = -w*h - 42 + 12, 0 = -5*j. Give c(h).
6
Let a(x) be the third derivative of -x**6/120 + x**3/6 + 23*x**2. Let k be (-1 + 9/6)*4. Determine a(k).
-7
Let m(r) = 2*r**2 - 2*r - 1. Let w be m(-1). Suppose 38*i - 42*i = -76. Let b(d) = -2 - i*d + 47*d - 22*d. Calculate b(w).
16
Let n(k) = k**3 + 2*k**2 - 7*k - 1. Suppose 27 = 32*v - 41*v. Calculate n(v).
11
Let g(x) = 12*x. Suppose 3*l - 4 - 11 = 0. Suppose l*b = -0 + 10. Suppose -b*t = -5*t - 3. Calculate g(t).
-12
Let t(c) be the first derivative of -2*c**2 - 14*c + 1. Let a(n) = -n - 1. Let g(y) = -6*a(y) + t(y). Let o be 35*(50/(-10))/(-25). Determine g(o).
6
Let i be 6/4*2*-23. Let q = i - -65. Let a(y) = -y**2 - 2*y + 5. Calculate a(q).
-3
Suppose 4*g + 8 = 4*v - 0*g, -4*g + 32 = 4*v. Let m(d) = 1 - 3*d**2 - 4*d + d**3 + 1 - 4*d**2 + v*d. Give m(7).
9
Let q(v) be the second derivative of v**3/3 - 9*v**2/2 - 20*v - 2. What is q(6)?
3
Let s(n) be the first derivative of n**4/4 - 7*n**3/3 + 5*n**2/2 + 5*n + 68. Give s(6).
-1
Let g(w) = -12*w + 18*w - 38 - w. Determine g(7).
-3
Let u(b) be the first derivative of -b**2/2 - 2*b + 2. Let z(o) = -2*o**2 - 51*o + 31. Let s be z(-26). What is u(s)?
-7
Let b(n) = n**3 - 2*n**2 - 2*n + 2. Let k be (-650)/(-9) - 8/36. Suppose -5*w + w = -k. Let h be 4/(-6)*w/(-4). Determine b(h).
5
Suppose 3*x + 4*j = -0*x + 25, j - 